42. Let z be l(24). Let i(n) = 3 - 4*n - 9*n**2 + 20*n**2 - 9*n**2 - 3*n**2. Give i(z).
-9
Let d(i) = 38*i + 46*i - 79*i + 171. Let u be d(-35). Let m(g) = -2*g**2 - 6*g + 4. Give m(u).
-4
Let j(n) = -169*n - 40 + 5 + 168*n. What is j(8)?
-43
Let v be 11/3 - 2/3. Let x = 28 - v. Let p(u) = 25 - 53 + 5*u + x. Determine p(2).
7
Let s(a) = -10*a + 8. Let u(b) = -b**2 - 11*b + 62. Let h be u(4). What is s(h)?
-12
Let t(b) be the third derivative of -b**6/20 + b**5/30 + b**4/24 - 470*b**2 - 1. Suppose 0 = 6*s - 4*s + 2. What is t(s)?
7
Let d(o) be the first derivative of o**3/3 + 9*o**2/2 + 1376. Determine d(-10).
10
Let l(v) = v**3 - 62*v**2 + 15*v + 8. Let j(g) = 13*g**2 - 2*g - 1. Let d(o) = 5*j(o) + l(o). Suppose -11 + 2 = 3*k. Give d(k).
-12
Let s(h) = -7*h - 53. Suppose -12*d - 647 + 551 = 0. Calculate s(d).
3
Let c(k) be the third derivative of -k**9/60480 - k**8/20160 + k**6/360 - k**5/20 + 2*k**2 + 35*k. Let o(r) be the third derivative of c(r). What is o(-2)?
6
Let v be 6 - (9 - (-15 + 14)). Let l(p) = 3*p**2 - 5*p - 2. Determine l(v).
66
Let h(l) be the third derivative of l**7/840 + 7*l**6/360 - l**5/60 - l**4/4 + 7*l**3/2 - 104*l**2. Let u(s) be the first derivative of h(s). What is u(-7)?
8
Suppose -3*k = 0, 3*g + 0*g - 2*k = -30. Let b = -3 - g. Let f(d) = 46*d + 15. Let r(i) = -55*i - 17. Let p(c) = -6*f(c) - 5*r(c). What is p(b)?
-12
Let b = -32 + 32. Suppose -20 = -4*r - b. Suppose c - 2*c = -r, t + 2*c = 9. Let q(g) = 5*g**2 - 2*g - 1. What is q(t)?
6
Let y(k) = 0*k + 2*k - 1 - 5*k. Suppose 174*r + 138 + 25 = -185. Determine y(r).
5
Let s(q) = 5*q - 65. Let u be (130 - 128)/(-2 - 55/(-25)). Calculate s(u).
-15
Let t(m) = 5*m**3 + 93*m**2 + 2*m - 1. Let i(b) = 4*b**3 + 86*b**2 + 2*b - 1. Let q(v) = -13*i(v) + 12*t(v). What is q(2)?
53
Let u(m) be the first derivative of m**2/2 - 52*m - 2420. What is u(47)?
-5
Let w(k) = -31*k**2 - 9*k + 10. Let j(c) = -119*c**2 - 37*c + 39. Let g(v) = 6*j(v) - 23*w(v). Calculate g(-13).
30
Let a be 18 + 0 - (4 + 3). Let x(h) = -36*h**2 - 10*h - h**3 + 2*h**3 + 26*h**2 + 0*h**3 - 5. Calculate x(a).
6
Let l be ((-30)/3 - (-12 - -8)) + 6. Let b(k) = 3*k**2 - 25. Let n(d) = 7*d**2 - 51. Let r(y) = -9*b(y) + 4*n(y). Determine r(l).
21
Let s(l) = -4*l + 4*l**2 + 6 - 3*l - 3*l**2. Suppose -2*z - h - 31 = 0, 5*h = 5*z + 38 + 17. Let j be 17/4 - (z/(-8))/7. What is s(j)?
-6
Let h = 30 - -127. Let i(y) = 72 + 3*y - 4*y - h + 68. Determine i(-8).
-9
Let n(a) = -28*a + 1. Let t(k) = k**2 + 58*k - 1. Let b(w) = -5*n(w) - 2*t(w). Calculate b(12).
-3
Let u = -7 + 9. Let v(j) = 115*j**2 - 9*j. Let z(d) = 139*d**2 - 11*d. Let o(p) = 6*v(p) - 5*z(p). Calculate o(u).
-18
Let p(n) = 3*n**3 + 37*n**2 + 7*n - 20. Let a(j) = -2*j**3 - 32*j**2 - 7*j + 20. Let k(b) = 4*a(b) + 3*p(b). What is k(17)?
-99
Let v be ((-4)/(-6))/(10/345). Let x(n) = v*n + 22*n - 41*n. Let t be ((-1)/2)/((60/48)/(-5)). What is x(t)?
8
Let l = 165 - 168. Let a be -5 + 4 - (l + -4). Let u(j) = j**2 - 4*j + 6. What is u(a)?
18
Let d(n) = -3*n - 51. Let o = -5385 + 5373. Give d(o).
-15
Let y(u) be the second derivative of -2*u**3 - 105*u**2/2 + 2274*u + 1. What is y(-10)?
15
Let b(w) = 2*w**3 + 65*w**2 + 32*w + 4. Let v be b(-32). Let o(s) = s**3 - 3*s + 2. Give o(v).
54
Let l(v) = 3 + v + 0*v - 1. Let d(j) = -j**3 - 5*j**2 + 2*j + 7. Suppose 0 = -31*t + 25*t. Let g be d(t). Determine l(g).
9
Let i(u) = -9*u**2 - 38*u + 41. Let o(k) = -4*k**2 - 19*k + 22. Let c(g) = 3*i(g) - 7*o(g). Let d(f) be the first derivative of c(f). Give d(-13).
-7
Suppose 2*l + h + 30 = -3*l, 3*l + 2*h + 18 = 0. Let s(w) = -8*w**2 + 5*w + 11. Let o(p) = 7*p**2 - 6*p - 9. Let j(g) = l*s(g) - 7*o(g). Determine j(9).
24
Let k be (-5 + -3 - -4) + 41. Let q = -40 + k. Let w be (q - (2 - 3)*1) + -4. Let j(h) = h**2 + 6*h - 5. Determine j(w).
-5
Let m(q) = -5*q**3 + q**2 - 1. Suppose 19 + 2 = 7*f. Suppose -80 = f*s - 26. Let p = -19 - s. Give m(p).
5
Let k(r) = -14*r**2 - 7*r + 64. Let t(w) be the first derivative of 5*w**3/3 + w**2 - 22*w - 162. Let l(q) = 4*k(q) + 11*t(q). Determine l(-7).
7
Let y(q) = 5*q**2 - 2*q + 10. Let h = -2418 - -2423. Determine y(h).
125
Let k(x) = -6*x**3 - x**2 + 2*x - 1. Let g be -2 + (1 - 2) - 99. Let o be (-8)/(-14) + g/(-238). Give k(o).
-6
Let q(v) be the second derivative of 0*v**2 + 0 - 69*v - 1/3*v**3. Give q(-5).
10
Let h(u) = -2*u**3 - 5*u**2 + 27*u + 10. Let x = -229 + 234. Let f(s) = -3*s**3 - 9*s**2 + 40*s + 15. Let m(p) = x*f(p) - 7*h(p). What is m(-11)?
5
Let x be 0*((5 - 5) + (-2)/(-2)). Suppose -u = -5*f - 58, x = 2*f - 0*u + 3*u + 13. Let t(v) = -v**2 - 8*v + 14. Calculate t(f).
-19
Let b be (87 + -90)/((-2)/(-1 - -85)). Let o = 142 - b. Let a(m) = -m**2 + 17*m - 22. Calculate a(o).
-6
Let d(r) be the first derivative of -r**7/840 - r**6/45 - r**5/40 - r**4/6 - 2*r**3/3 + 15*r + 43. Let n(m) be the third derivative of d(m). Calculate n(-7).
-32
Let h = -4 - -4. Let k(y) = h - 14 - 4 + y - 8. Determine k(20).
-6
Let g(c) = 2*c**3 + 31*c**2 - 18*c. Let k be g(-16). Suppose 3*z = -15, -4*i - 23 + k = 3*z. Let b(l) = -l + 0*l - 3 + 2. What is b(i)?
-7
Let j(d) = -d**3 - 4*d**2 - 6*d - 1. Suppose 0 = 3*w - a + 3*a - 28, 2*w = -4*a + 16. Suppose 0 = 2*t - w*v + 7*v + 14, -4*t - 10 = 3*v. Give j(t).
23
Let t(f) = -f**3 + 5*f**2 + 9*f - 6. Let s = 6 + -4. Let c(q) = 9*q - 18*q**s + 30*q**2 - 14*q**2 + 2. Let j be c(4). Determine t(j).
12
Let n(r) be the second derivative of -3*r - 5*r**2 - 1/6*r**3 - 1. Calculate n(-7).
-3
Suppose 0 = 22*k + 3098 - 3186. Let b(c) be the third derivative of -c**6/120 + c**5/10 + c**4/12 + c**3/2 + 2*c**2. What is b(k)?
43
Let f(j) = -4*j**2 - 12*j - 7. Let h(a) be the second derivative of 11*a**4/12 + 17*a**3/3 + 10*a**2 + 87*a. Let z(c) = -17*f(c) - 6*h(c). What is z(1)?
1
Let g(o) = -o**3 + 7*o**2 - 3*o + 3. Let y(l) = -9*l + 7 + 18*l - 12*l. Let i be y(0). What is g(i)?
-18
Let k(a) = a**3 + 0*a + 9*a**2 - 2 - 9*a + 4. Let q(y) = 126*y**3 - 2*y**2 - 6*y + 8. Let f be q(1). Let r be ((-72)/f)/((-2)/(-35)). Give k(r).
-8
Let b(y) = -5*y + 192. Let h be b(38). Suppose -h*r + 7*r + 5 = 0. Let z(u) = 0*u**2 + u**2 + 2*u**3 + 2*u**3. Give z(r).
-3
Let t(u) = 8*u**3 - 40*u**2 - 44*u + 80. Let h(n) = -5*n**3 + 21*n**2 + 22*n - 39. Let a(x) = 5*h(x) + 3*t(x). Calculate a(-13).
-7
Let l(c) be the first derivative of -7/2*c**2 - 53 + c. Determine l(3).
-20
Let x(h) = -7*h**2 - h**3 - 16 - 52857*h - 52858*h + 105706*h - 1. Give x(-4).
-29
Let z = -868 + 869. Let f be ((-22)/6)/((-2)/6). Let d(c) = -f*c - 3*c + 1 - 1 + 1. What is d(z)?
-13
Let v(a) = -2*a**2 + 24*a - 5. Let z = -8064 - -8076. What is v(z)?
-5
Let n(p) = 12*p - 7. Let j(v) = -6*v + 4. Suppose 36 = -3*b + 54. Let d(l) = b*n(l) + 11*j(l). Let u be d(-1). Let o(z) = -z**2 - 1. What is o(u)?
-17
Let l be -15 + (3 - 8 - (0 + -10)). Let x(s) = 2*s**3 + 23*s**2 + 23*s - 8. Determine x(l).
62
Suppose -26 = 10*j - 36. Let f(q) = -71*q + 66*q + j + 1. What is f(-8)?
42
Let b(i) = i**2 - 14*i + 34. Let m be b(13). Let n(u) = -u - m + 16 + 2*u - 3*u. What is n(-6)?
7
Let g(a) = 14*a**3 - 6*a**2 - 193*a - 1. Let k(l) = 13*l**3 - 7*l**2 - 232*l - 1. Let p(z) = 6*g(z) - 5*k(z). Give p(1).
19
Suppose 0 = -g - g - 3*l - 16, -5*l = -2*g. Let x be 30/(30/g) - 3. Let t(f) = 4*f + 8. What is t(x)?
-24
Let l(t) = -55*t - 9. Let y(o) = 20*o + 1. Let f(n) = -2*l(n) - 6*y(n). Give f(5).
-38
Let h be 3 - (5 - -2) - 4. Let g(j) be the second derivative of -j**5/20 - 2*j**4/3 + 5*j**2/2 + 2*j - 34. Calculate g(h).
5
Let r(p) = -p**3 - 5*p**2 - p - 5. Let s(z) = -1 + z**3 + 2*z**2 + 5 + z + 2*z**2. Let y(d) = 4*r(d) + 5*s(d). Let b = 37 + -37. Calculate y(b).
0
Suppose 0 = 4*a - 5*a. Let d be (a - 0)*(-1 - 0). Suppose d = 4*r - 5*y - 20, 0 = 3*r - 7*r + 2*y + 20. Let o(m) = -m**2 + 6*m + 7. Calculate o(r).
12
Let j(o) = -2*o**2 - 49*o + 85. Let c be j(-26). Let n(b) = -7*b**2 + 184 + 8*b**2 + c*b**2 - 173 - 3*b - 6*b - b**3. Calculate n(7).
-3
Let v(g) = -10 - 6 - 8*g + 31 - 6. Let b(i) = 7*i - 7. Let w(q) = 6*b(q) + 5*v(q). Determine w(5).
13
Let a(q) = -2*q - 7. Let w = -99 - -96. Let z(y) = 5*y + 13. Let v(f) = w*z(f) - 7*a(f). Give v(14).
-4
Let q(m) = m**3 - 64*m**2 + 344*m + 223. Let w be q(58). Let k(j) = -j**3 - 10*j**2 - 15*j - 47. What is k(w)?
7
Let i(y) = 3*y + 16.